mmon factor of t and h?
27
Let z be -3*-36*(-1)/(-1). Let r be 0 + 12/(-3) + -32. Let m be (-3 + r/(-28))*21/(-3). Calculate the greatest common factor of z and m.
12
Suppose -h + 2*d = -39, -4*h - 4*d + 8*d + 172 = 0. Calculate the highest common factor of h and 188.
47
Let b be (135/(-6))/3*(-284)/355. Calculate the highest common divisor of b and 510.
6
Let d be (-12)/(-9)*(14 + 7) + -2. Calculate the highest common divisor of 481 and d.
13
Suppose 0 = 5*q - s + 257, 0 = q + q - s + 104. Suppose -3*c - 99 = 3*f - 399, f = -3*c + 98. Let h = f + q. What is the greatest common factor of 10 and h?
10
Suppose 452 = 5*z + m - 913, 0 = 5*z + 5*m - 1365. What is the highest common factor of z and 84?
21
Let d(t) be the second derivative of -t**3/3 + t. Let v be d(-8). Suppose 136 = a - 2*f, -164 = -a - 7*f + 2*f. Calculate the highest common divisor of a and v.
16
Let m(q) = q**2 - 12*q + 9. Let j be m(9). Let d(p) = -16*p - 24. Let w be d(j). Calculate the greatest common factor of 24 and w.
24
Let o = -2 + -16. Let w be (1 + 5)*(-192)/o. Suppose -8 = -9*m + 8*m. Calculate the greatest common factor of m and w.
8
Let b be (6/4)/(-13 - 630/(-48)). What is the highest common divisor of 68 and b?
4
Suppose -25*q = -378 - 222. What is the highest common factor of 120 and q?
24
Let q(v) = -2*v**3 + 2*v**2 + 9*v + 6. Let x be q(-1). What is the highest common divisor of x and 113?
1
Let s be (3/(-6))/(4/(-1272)). Calculate the highest common divisor of s and 106.
53
Let y(p) = 2*p**2 - 6*p + 8. Let q be y(6). Let v be (-2152)/(-32) + 10/(-8). What is the highest common factor of q and v?
22
Let x = -36 + 40. Suppose 11 = m + 3*l, x*l + l = 3*m + 37. Let u be -1*(m - (-21)/(-3)). Calculate the greatest common factor of 88 and u.
11
Let p(c) = 109*c - 9. Let a be p(1). What is the highest common divisor of a and 25?
25
Let b = 29 - 9. Suppose i - 12 = -4*y, 2*y = -3*i - 2*y + b. Let c = 10 - 6. What is the highest common divisor of c and i?
4
Suppose 98 = 23*v - 1052. Calculate the highest common divisor of 1150 and v.
50
Suppose -61 = i + u, i + 3*u + 7 + 50 = 0. Let q = 143 + i. Calculate the greatest common divisor of q and 10.
10
Suppose 0 = s + 3*s - 820. Suppose 0 = -6*l + l - 2*o + 400, -4*l = -o - 333. What is the greatest common factor of l and s?
41
Suppose 298 + 142 = 2*y. Suppose 5*p = -3*k - 2*k + y, 0 = -4*k - 3*p + 172. What is the highest common divisor of 50 and k?
10
Let y = 13 + 4. Let r = 34 - y. Let t be -7 + 13 + -4 + 370/2. Calculate the greatest common factor of r and t.
17
Suppose -687 - 28 = -5*c. What is the highest common factor of 44 and c?
11
Suppose u = -5*c - 477, 0*c - c + 4*u = 87. Let n = -94 - c. What is the highest common factor of 9 and n?
1
Let f be 1*1/1*4. Suppose 0*g = 2*x - 2*g - 420, f*g + 630 = 3*x. Suppose 2*z = 4, 4*j = -5*z + 132 - 2. What is the greatest common factor of j and x?
30
Let i be 6/8*(-440)/(-15). Let j = i - -6. What is the greatest common divisor of j and 56?
28
Suppose -2*y + 5*g = -956, -45*g + 50*g - 996 = -2*y. What is the greatest common factor of y and 427?
61
Suppose -4*z = -5*u + 16, 0*u - 8 = -u - 4*z. Suppose -u*h - 2 = 6. Let o be h*3*20/(-12). Calculate the greatest common factor of 70 and o.
10
Suppose 7*z + 20 = 11*z. Suppose 0 = -b + 5*n + 6 - 20, b - 2*n + 20 = 0. Let m = -14 - b. What is the greatest common divisor of z and m?
5
Suppose 4*c + 85 = -5*k, -2*k - 4*c - 59 = k. Let b = -11 - k. Suppose -32 = -s + b. What is the highest common factor of s and 85?
17
Let y = 484 - 445. Calculate the greatest common divisor of 3588 and y.
39
Let w(o) = -o**2 + 7*o - 3. Let l be w(16). Let n = -135 - l. What is the highest common factor of 60 and n?
12
Let z(j) = 9*j**2 + 3*j + 6. Let t be z(-5). Suppose 4*p = 3*k + 3*p - 84, -15 = 5*p. Calculate the highest common divisor of k and t.
27
Let c = -61 + 82. What is the highest common divisor of c and 7?
7
Let q = 2 + -4. Let d(v) = v**3 + 2*v**2 - v - 1. Let t be d(q). Let h be -3 - (1 - t) - -47. What is the greatest common factor of 4 and h?
4
Suppose -5*x - 18 - 61 = -z, -2*x + 86 = z. Calculate the greatest common divisor of 1344 and z.
84
Let u be 707/28 - 2/8. Suppose 13*j - j - 2100 = 0. Calculate the highest common factor of u and j.
25
Let q(n) = -n**3 - 5*n**2 - 3*n - 2. Let d be q(-2). Let r be ((-38)/d)/(4/16). Suppose k - r = -10. What is the highest common factor of 81 and k?
9
Let t(n) = 11*n**2 - 36*n - 27. Let x(j) = 5*j**2 - 18*j - 13. Let d(i) = -6*t(i) + 13*x(i). Let s be d(-7). Calculate the greatest common divisor of 7 and s.
7
Let l be (0 + 5)/(-5) + (-215)/(-5). What is the greatest common factor of l and 315?
21
Let n = -68 + 153. What is the greatest common factor of n and 153?
17
Let n = -284 + 339. Calculate the highest common divisor of n and 605.
55
Let y be (5 + -3)*-1*-1. Let u(h) = 10*h. Let w be u(y). What is the highest common factor of w and 180?
20
Suppose -5*z + 10 = -5. Suppose -20 = -j + k + 1, -4*j + 79 = -z*k. Suppose -3*x - r = -10, r - 6 = 2*x - j. Calculate the highest common factor of x and 36.
4
Suppose -99*g = -105*g + 174. What is the highest common factor of 87 and g?
29
Let o be (-34)/(-6) - (-17)/51. Suppose f + 2 = o. Calculate the greatest common factor of f and 6.
2
Let n = -475 - -484. Calculate the highest common factor of n and 549.
9
Let t(k) = -k**3 + k**2 - 2*k + 28. Let n be t(0). Calculate the greatest common factor of n and 224.
28
Let t = -23 - -50. What is the highest common factor of 423 and t?
9
Suppose -22*g = -12*g - 240. What is the highest common divisor of g and 42?
6
Suppose 0 = -5*d - 5*s + 130, -7*s + 11*s = -5*d + 128. Let q be ((-12)/18)/(2/(-48)). What is the highest common factor of d and q?
8
Let r(a) = a**2 - 4. Let b be r(4). What is the highest common factor of b and 168?
12
Suppose 35*n = 47*n - 4176. What is the greatest common divisor of n and 24?
12
Suppose 4*o - 26 = 3*y + 9, -2*y - 5*o = 8. Let j(c) = 3*c**2 + 22*c - 2. Let x be j(y). Calculate the highest common factor of x and 172.
43
Suppose 3*h - 6 = -f + 49, h = f - 39. What is the highest common factor of f and 1?
1
Let o = 2135 - 631. Calculate the greatest common factor of 32 and o.
32
Let z be (22*1)/(2/24). Suppose 0 = f - 29 - 15. Suppose 4*a + f = 140. Calculate the greatest common factor of a and z.
24
Suppose 0 = y - 0 + 2. Let f be 48/(-60)*5/y. Calculate the greatest common divisor of f and 2.
2
Suppose -4*t = 3*l - 98, -l + 37 - 7 = 4*t. Calculate the highest common divisor of l and 1802.
34
Let z = 42 + -42. Suppose -13*f + 15*f - 60 = z. What is the highest common factor of 10 and f?
10
Let b be 2/(((-15)/6)/5). Let k be (1/(-2))/(b/16). Suppose 0 = -f + k - 1. Calculate the greatest common factor of 2 and f.
1
Let w(g) = g**3 + 11*g**2 - 45*g + 42. Let a be w(-14). Calculate the greatest common factor of 20 and a.
4
Let l(m) = m**2 + 4*m - 22. Let k be l(6). Let d = k + -32. What is the greatest common factor of 54 and d?
6
Suppose -206*k + 203*k - 9 = 0. Let x be ((-27)/5 - k)/((-10)/25). What is the greatest common factor of x and 42?
6
Let a(d) = -39*d + 204. Let v be a(-7). What is the highest common divisor of 53 and v?
53
Let l(h) = -13*h**2 + 44 - 62 - 4*h**3 + 15*h + 3*h**3 - 3*h**2. Let v be l(-17). What is the highest common divisor of 8 and v?
8
Suppose 4*r + 277 - 3133 = 0. What is the greatest common divisor of r and 126?
42
Suppose 2849 = 3*a + 34*a. Let k = -10 - -21. What is the highest common divisor of a and k?
11
Let r be 58/1 - (2 + (-2)/(-2)). Let d = -2 - -2. Suppose -4*a = -20, -13 = -d*u - 3*u + 4*a. Calculate the highest common factor of r and u.
11
Suppose -23333 = -27*s - 2975. What is the greatest common factor of 58 and s?
58
Let o(a) = -2*a - 10. Let k be o(-11). Let h = k + -12. Let j be (h + (2 - 4))*-18. What is the greatest common factor of j and 90?
18
Let w = -84 + 108. Calculate the greatest common factor of 444 and w.
12
Suppose -3*m + 8 = t - 9, 2*t - 54 = -m. Suppose 0 = 28*c - 390 - 422. Calculate the greatest common divisor of t and c.
29
Suppose 8*l - 539 = -91. What is the highest common divisor of 14 and l?
14
Suppose 4*u + 0 = -b - 4, 0 = 2*u - 10. Let j = 21 - b. What is the highest common factor of j and 30?
15
Let p be (9 - 